 What is the units digit of (3 - 5)*(-4401)/p?
9
Suppose -51*r = -49*r - 26094 - 7274. What is the hundreds digit of r?
6
Suppose -3*m + 79 = -2*m. Let q = -72 + m. Suppose -5*n - 5*b + 650 = 0, 654 = 5*n - 3*b + q*b. What is the hundreds digit of n?
1
Suppose c - 165 = -5*k, -k - 2*c = 4*k - 160. Let r = k + -25. Suppose 114 = r*b - 3*b. What is the tens digit of b?
1
What is the thousands digit of 22923 + 16 + (-112)/16?
2
Let g(d) = d**3 + 6*d**2 - 5*d - 8. Let a = 122 - 127. What is the tens digit of g(a)?
4
Let i be (-108)/(-10) - 6/90*-3. Let c(t) = 31*t + 71. What is the units digit of c(i)?
2
Suppose 4*q + 630 - 4982 = -3*p, -2*p + 8 = 0. What is the hundreds digit of 6866/14 - 0 - 465/q?
4
Let i(x) = 3*x - 14. Let u be i(6). Suppose 0 = u*n - 3*n - 9. Suppose 490 + 329 = n*v. What is the units digit of v?
1
What is the tens digit of (-2320)/(-7) - (-800)/1400?
3
Suppose -21 + 27 = -g, -2*g = 3*n - 16569. What is the tens digit of n?
2
Let q be (-5 + (-2 - -2))/((-1)/(-3)). Let i be (-748)/10 - (-3)/q. Let b = i + 105. What is the tens digit of b?
3
Let g(n) = -3*n**2 - 2*n + 18. Let l be g(9). Let a = l - -660. What is the tens digit of a?
1
Let v = 4371 - -2034. What is the hundreds digit of v?
4
Suppose -5*a = 77 - 467. Suppose 473 = -a*l + 79*l. Suppose -4*z + 203 = -l. What is the hundreds digit of z?
1
Let t(h) = -5*h - 2*h + 885*h**2 - 210*h**2 + 2*h - 6. What is the tens digit of t(-1)?
7
Let u be (49/(-3))/((-20)/60). What is the tens digit of 2 + u/(-14) - 607/(-2)?
0
Let r = -256 + 723. Suppose -r = -2*k + 3*l + 998, -5*k + 3*l + 3667 = 0. What is the hundreds digit of k?
7
Let v(g) be the second derivative of -g**5/20 + 3*g**4/2 + 19*g**3/6 + g**2 + 34*g. Let o be v(19). What is the units digit of (1 - (4 + -4)) + o - -111?
4
Let s(v) = 3089*v**2 + 8*v - 4. What is the units digit of s(1)?
3
Suppose n - 3*c + 4 = -2*c, n + c = 2. Let o be (n + 2/(-3))*-3. Suppose o*z - v = 541, 0 = 5*z - 8*z - 3*v + 339. What is the units digit of z?
9
Let t = 1821 - 1826. Let v = 372 - 219. What is the units digit of (v - 0 - t) + 3?
1
Let l(p) = -81*p + 1748. What is the units digit of l(12)?
6
What is the tens digit of (-81)/540 - (-1)/(-10) - (-23429)/4?
5
Let j = 12052 - -44013. What is the ten thousands digit of j?
5
Suppose -6*i + 198 = -0*i. Suppose -4*t + i = 7*t. Suppose 2*w + 573 = 5*w + t*n, 5*w = -n + 951. What is the hundreds digit of w?
1
Suppose -3*c = 2*x - 37, -5*c + 4*c = 4*x + 1. Suppose 0 = 5*h + 4*d - 275, d - 4*d = -c. What is the units digit of h?
1
Suppose 0 = -20*p + 13*p - 3045. What is the hundreds digit of (1 - -5) + -3 - (0 + p)?
4
Let d(o) = -2 + 6 - 8 + 0 - 109*o. Let g be d(-1). Suppose -3*n + g + 231 = 0. What is the hundreds digit of n?
1
Suppose -3*d + 5*k + 9296 = -16209, 4*d - 2*k = 34030. What is the units digit of d?
0
Let x(q) = -q**2 - 40*q + 133. Let a be x(-43). Suppose 4*n = -8, -4*y + 2763 - 935 = -a*n. What is the units digit of y?
5
Suppose -3*q + 10 = -q. Suppose -44 - 126 = -q*c. What is the units digit of c?
4
Let i(f) = -6*f + 40. Let y be i(7). Suppose 5*h + 0*a - 2*a - 42 = 0, 5*h - 4*a = 34. What is the units digit of ((-15)/h)/(y/192)?
4
Suppose 0 = -19*q + 28*q. Suppose -k - j = k - 7, q = 3*k + 3*j - 12. Suppose 3*t - 5*i = -6*i + 539, -5*i + 559 = k*t. What is the hundreds digit of t?
1
Suppose -m - 2*m - 231 = 0. Let k be (-17)/51*(-1 - (2 + 0)). Let j = k - m. What is the units digit of j?
8
Let a = -19 - -51. Let v be 2/(4/65)*a. Suppose -v + 26 = -13*p. What is the units digit of p?
8
Suppose -3579*q - 348192 = -3587*q. What is the thousands digit of q?
3
Suppose -298*w + 302*w = 80252. What is the units digit of w?
3
Let k(a) = a**3 + 72*a**2 - 4*a + 410. What is the tens digit of k(-70)?
9
Suppose 3*k - 202896 = -12*c, -3*k + 2*c + 155305 = -47717. What is the tens digit of k?
6
Let c(f) = 72*f + 34*f - 2 - 8. Suppose 13*o + 25*o = 13 + 63. What is the units digit of c(o)?
2
Suppose -17*h = -8*h - 45. Suppose 114 = h*m + 24. What is the units digit of m?
8
What is the units digit of 31012 - (15 + (-1243)/77 - 1/(-7))?
3
Suppose -2*n = 41*n - 3526. Suppose 0 = -83*v + n*v + 648. What is the tens digit of v?
4
Suppose 0 = 23*a - 34*a + 1254. Let x = a + 304. What is the units digit of x?
8
Let x(f) = f**3 - 17*f**2 - 37*f - 29. Let h be x(19). Let j(w) = 6*w**2 - 9*w + 20. What is the units digit of j(h)?
0
What is the hundreds digit of 8*(-15)/480 - (-124562)/8?
5
Suppose -4940 = 8*y - 21*y. Let d = -116 + y. What is the hundreds digit of d?
2
Let s be (180/225)/((-1)/(-20)). Let q = s - -67. What is the units digit of q?
3
Let f = -229 - -301. Suppose -5*u + 103 = -3*v, 4*u - f = -2*v + 7*v. What is the units digit of u?
3
Suppose 13*u + 316572 = 82*u. What is the hundreds digit of u?
5
Let z = -3288 + 10077. What is the hundreds digit of z?
7
Let j = -14 + 10. What is the hundreds digit of j/(-12) + 1589/3?
5
Let y = -9 - -11. Let j = 1 - -8. Suppose -y*b = -j*b + 1099. What is the tens digit of b?
5
Let y(i) = -68*i**3 - i**2 - i. Let s be y(-1). Suppose -2*l + z + 97 = 0, 4*z - s - 94 = -3*l. Suppose -l*q - 6 = -51*q. What is the units digit of q?
6
Let z(r) = 34*r**2 - 85*r + 467. What is the thousands digit of z(51)?
4
Suppose 4*t = -3*t - 42. What is the tens digit of 622/((t/(-6))/1)?
2
What is the tens digit of 2341098/78 + 36/24 + 123/(-78)?
1
Let n(m) = -17*m - 188. Let q(a) = -18*a - 187. Let s(h) = -6*n(h) + 5*q(h). What is the tens digit of s(0)?
9
Suppose -53445 = 112*w - 356405. What is the thousands digit of w?
2
Let b = 8586 - 3901. What is the tens digit of b?
8
Let j = -17252 + 24568. What is the tens digit of j?
1
Let l(k) = 2*k**2 + 45*k + 229. What is the tens digit of l(59)?
4
Let p = 82 + -77. Suppose 0 = -p*j + 21 - 6. What is the units digit of (j/2 + 0)/((-39)/(-182))?
7
Let c be 30/(-8)*(-232)/174. Suppose -3249 = -3*h - 5*n + 1441, 1530 = h - c*n. What is the hundreds digit of h?
5
Let o(x) = 68*x**2 + 1013*x - 194. What is the tens digit of o(-34)?
7
Let h(r) = -4876*r - 366. What is the tens digit of h(-3)?
6
Let b = -26707 + 34442. What is the units digit of b?
5
Suppose -2*i = 73 - 71, 11832 = 4*x + 4*i. What is the thousands digit of x?
2
Suppose 2*g + 4 = 6*g. Let k be 2 - ((15 - -1) + (3 - g)). What is the tens digit of (-158)/k*2 - 9/(-36)?
2
Let f be (-12*8/(-16))/((-2)/(-1)). Suppose f*v = -5*s + 740 + 45, -4*s = 4*v - 636. What is the tens digit of s?
5
Suppose 0 = -15*h + 17*h + 5*y + 19, y + 20 = 5*h. Suppose 2*x = 5*a - 829, 0 = h*a + 3*x + 270 - 780. What is the hundreds digit of a?
1
Let v = 69 + -64. Suppose -3*w - d = -988, -v*w + 1628 = -0*w - 3*d. What is the hundreds digit of w?
3
Suppose -27*j + 90 = -12*j, -3*j - 41197 = -5*k. What is the units digit of k?
3
Let w = -44 + 305. Let h = w - -249. What is the tens digit of h?
1
Let h(k) = k**3 + 7*k**2 - 9*k - 8. Let f be h(-8). Suppose f = 3*c - 5*n - 93 - 253, 230 = 2*c - 3*n. What is the hundreds digit of c?
1
Suppose -2*l + 2*f + 64 = 0, 10*l + 2*f = 14*l - 132. Let n(c) = c**2 - 24*c - 31. What is the hundreds digit of n(l)?
3
Suppose -4*m + 4*p + 234 + 46 = 0, 3*p - 374 = -5*m. Suppose 0 = -m*f + 76*f - 3519. What is the hundreds digit of f?
1
Let j = 22 + -13. Suppose -180*q + 188*q = 1272. Suppose 0 = -12*x + j*x + q. What is the tens digit of x?
5
Let g(j) = 48*j + 99. Let v(k) = 5*k + 10. Let b(m) = -6*g(m) + 63*v(m). What is the tens digit of b(7)?
2
Suppose 10 = -c - 3*t + 279, 2*t + 269 = c. Suppose 2 = -4*p + 50. What is the tens digit of c/4 + 9/p?
6
Suppose -t - 1333 = -11881. Suppose -17*z + t = z. What is the units digit of z?
6
Let s(n) = -n**3 + 5*n**2 + n + 8. Let l be s(5). Let g(v) = 5 + 11 + 2*v + 20 + l*v. What is the tens digit of g(7)?
4
Let f(g) = 2*g**2 + 3*g - 10. Let n be f(6). What is the units digit of (15/(-4))/((-6)/n)?
0
Suppose -5*k = p + 11673, -8*k - 2*p + 2328 = -9*k. Let i = -998 - k. What is the hundreds digit of i?
3
Let r be (-2 - 0)*12 - (1 + 3). Let j be 20*1 - (32 + r). What is the units digit of (j/20 + -2)/((-2)/195)?
7
Suppose -5*d - 4*g = -1189, 0 = -2*g - g + 3. Let x = d + 215. What is the tens digit of x?
5
Let k(c) be the second derivative of 5*c**4/12 - 13*c**3/6 + 3*c**2/2 - 10*c. Let m(o) be the first derivative of k